u**c + 0*u**2. Determine o(0).
1
Let u(g) be the first derivative of g**2/2 - 3*g + 32. Suppose -4*n = n. Calculate u(n).
-3
Let d(f) = f + 4. Let i = -140 + 140. Calculate d(i).
4
Suppose 0 = -2*x - 3*x - 100. Let u be 33/(-12) - 15/x. Let l(z) be the first derivative of 2*z**3/3 + 3*z**2/2 + z - 1. Calculate l(u).
3
Let b(a) = -5*a - 6. Let j(g) = 4*g + 5. Let u(y) = -3*b(y) - 4*j(y). Give u(-3).
1
Let g(p) = p + 1. Suppose 2*i + b = -11, -6 = -2*i - i + 3*b. Determine g(i).
-2
Let y(z) = -3*z + 2*z**2 + 4*z - z**2 + 3. Determine y(0).
3
Suppose -3*i = -8*i + 5. Let q(z) = 14*z**2 + 2*z - 1. Let u(x) = 15*x**2 + 3*x - 1. Let n(t) = 3*q(t) - 2*u(t). Calculate n(i).
11
Let g(v) = 3*v**2 + 15*v + 27. Let q be g(-2). Let f(t) = t**2 - 6*t - 7. What is f(q)?
20
Suppose -5*a - 4*u = -2*a + 9, -3 = a - 5*u. Let y(v) be the first derivative of -2*v**3/3 - 5*v**2/2 - 4*v - 123. Calculate y(a).
-7
Let j(n) be the second derivative of 7*n**4/12 + n**3/3 + n**2/2 + 9*n. Give j(-1).
6
Let z(f) = f + 1. Suppose 4*n + 12 = -2*h, 2*n + 48 = -5*h + 10. Let y be (-3)/4 + (-172)/(-16). Let o be (y/h)/((-2)/8). What is z(o)?
6
Let h(l) be the third derivative of l**5/60 + l**4/6 + l**3 - 10*l**2. Give h(-5).
11
Let b(r) = r**3 - 4*r**2 - 6*r + 5. Let p(d) = -d - 7. Suppose 6*v - 7 + 79 = 0. Let s be p(v). Calculate b(s).
0
Let l(j) = 0 - 2*j + 2 + j**2 - 1 + j**3 + 1. Determine l(-3).
-10
Suppose 2*o - 3*m - 3 = 0, 0 = 3*o + o - m - 11. Let z(y) = 0 - 2 - o*y + 0 + 3. Suppose 6 = 3*i - 0. Calculate z(i).
-5
Let b(g) = g - 65*g**3 + 4 + 6*g**2 + 64*g**3 + 3*g - 2*g**2. Calculate b(5).
-1
Let x(q) = q - 1. Let y(a) = -3*a + 4 + 4*a - 3 + 4. Suppose 7 - 1 = -3*n. Let w(p) = n*x(p) + y(p). Calculate w(3).
4
Let h(l) = -99*l + 34*l + 37*l - 2 + 29*l. Calculate h(2).
0
Let l be ((-8)/6)/((-1)/(-3)). Let m be (-4)/16*(0 + l). Let b(q) = -5*q**3 - q + 1. Calculate b(m).
-5
Let f(d) = 4*d + 2. Let a(j) = -j. Suppose 0 = 4*m - 0 - 12. Suppose -m*y - 7 = -1. Let l be a(y). Determine f(l).
10
Let j(t) = t**2 - 7*t + 5. Let d(l) = l - 12. Let h be d(10). Let f(x) = 1. Let n(u) = h*f(u) - j(u). Let p = 22 + -16. Give n(p).
-1
Suppose -10*i + 14 = -16. Suppose -y = -4*j + 3, -3*y - 2*y + 25 = 0. Let k(g) = -5*g - g + 4*g - j. Determine k(i).
-8
Let c(y) = 7*y - 3. Let p(a) = -9*a + 4. Let s(h) = -5*c(h) - 4*p(h). What is s(7)?
6
Let l(x) = x**2 + 2*x + 4. Let w be (8/(-5))/((-23)/5 + 5). Give l(w).
12
Let l be (-3 - -5)/(4/6). Suppose 2*p + 3*q + q = -18, 3 = l*p - 4*q. Let v(j) be the first derivative of 3*j**2/2 + 4*j + 2. What is v(p)?
-5
Let m(v) = v**3 - 5*v**2 - 8*v - 1. Let l(c) = c**2 + c. Suppose -4*g = -8*g + 8. Let p be l(g). What is m(p)?
-13
Let v(l) = -l**3 - 1. Let a(f) = -1 - 9*f**2 + 14*f**2 - 2 - 5*f. Let z(p) = a(p) - v(p). Give z(-6).
-8
Let u be (4 - -2)/(8/20). Let r(h) = 15*h + 2 - u*h + h**2. What is r(0)?
2
Suppose 0 = -2*s + 3*s - 3. Let r(d) = 7*d**2 + 8*d**2 - 3*d - 16*d**2 + s. Calculate r(-3).
3
Let l(o) = -3*o - 212 + o + 222 + o. Give l(7).
3
Let i(o) = -26*o - 5 + 1 + 17*o + 8*o. Give i(5).
-9
Let t = 3 + 6. Suppose 3*c + 2*h + 3 = t, -c = -3*h - 2. Let o(y) = -1. Let g(k) = -k - 6. Let w(n) = g(n) - 5*o(n). Give w(c).
-3
Let v(a) = a + 7. Suppose 4*f - 2 - 10 = 0. Suppose -11 = f*b + 7. Determine v(b).
1
Let h(w) = -w**3 - 2*w**2 - w - 1. Suppose -1 = 3*d + 5. Let s be 0*(-1)/d + -2. What is h(s)?
1
Let b(m) = 3*m - 3. Let k(s) = -16*s + 16. Let y(f) = 2*f - 1. Let q be y(6). Let i(z) = q*b(z) + 2*k(z). Give i(4).
3
Suppose 0 = 3*q + 4*y - 54, 49 + 41 = 5*q - 2*y. Suppose 4*f = 2*k - 0*f - q, -3*f = 3*k - 9. Let w(v) = -v**2 + 6*v - 3. Calculate w(k).
2
Suppose 14 = -4*y - 5*a - 7, -2*a = 10. Let s(d) = -6*d**3 + d**2 + d - 1. Calculate s(y).
-5
Let p(w) = -w**2 + 9*w - 6. Let k be p(8). Suppose 5 - 13 = k*d. Let q(r) be the second derivative of r**4/12 + r**3/3 - 5*r**2/2 + r. Give q(d).
3
Let i(o) be the third derivative of o**6/120 - o**5/30 - o**4/6 + o**3/6 - 31*o**2. Calculate i(3).
-2
Let x(a) be the second derivative of -a**3/6 + 5*a**2 - 12*a. Determine x(7).
3
Suppose 2*o = -r - 9, -5*r = -o + 9 + 3. Let v(j) be the second derivative of j**5/20 + 5*j**4/12 + 5*j**3/6 + j**2 - j. Give v(o).
5
Let i be (-4 - 2 - -5)/(2/8). Let q(d) = d - 1. Determine q(i).
-5
Suppose 2*h = -4*v - 18, -h + 0*h = v + 7. Let u(n) = n - 7. Give u(h).
-12
Let l(h) be the second derivative of -h**4/12 + 3*h**3/2 - 2*h**2 + 10*h. What is l(8)?
4
Let x(b) = b**2 + 2*b + 1. Let u(p) = 1. Let i(s) = u(s) + x(s). Give i(-4).
10
Let v(b) = 6*b**2 - b**3 + 5*b - 12*b**2 + 2 + 4*b**2. Suppose 0 = -n - 4 + 1. What is v(n)?
-4
Let a(s) = -1 - 2*s + 2*s**2 + 2*s + s + 9*s**2. Calculate a(1).
11
Let i(y) = y**2 - 1. Let j(o) = o**3 + 5*o**2 + 2*o - 4. Let s(m) = -i(m) + j(m). Calculate s(-4).
-11
Let c(t) = t**3 + 3*t**2 - 7*t - 5. Suppose 0 = -p + 5*o - 10, 3*p = 2*o + 3*o. Suppose -2*b + 26 = -6. Suppose b = -p*u + u. Calculate c(u).
7
Let o(t) = t**2 - 6*t - 2. Suppose -3*y + 0*y = -w + 19, 3*y + w + 17 = 0. Let q be (-4)/(-4) + (-2 - y). What is o(q)?
-7
Let q(y) = -20*y**2 - y + 3. Let w(x) = -10*x**2 - x + 2. Let n(u) = 3*q(u) - 5*w(u). What is n(1)?
-9
Let u(h) = h. Let g be (-9)/9 - 5*-1. Determine u(g).
4
Let y(a) = 2*a - 5. Let f = -8 + 10. Let j(n) = 5*n**2. Let d be j(-1). Suppose -3*s + 7*s = -d*p + 5, 0 = s - f*p - 11. What is y(s)?
5
Let a(h) = -8*h**3 + h**2 - 5*h + 4. Let r(c) = 8*c**3 - c**2 + 6*c - 5. Let t(s) = -6*a(s) - 5*r(s). Calculate t(-1).
-8
Let l(d) = -d**2 - d + 5. Let m be (8 + -12 - (-5 + 1)) + 4. What is l(m)?
-15
Suppose -4*y = -3*a + 22, y - 2 = a + 2*y. Let z(u) = 4 + 3*u + 0 - 5 - u**a. Calculate z(4).
-5
Suppose -3 = -y - 1, -4*y = -3*m - 23. Let u(v) = -3*v**2 + 8*v - 3. Let f(q) = -q**2 + q. Let o(c) = 4*f(c) - u(c). Calculate o(m).
-2
Let c = 14 + -13. Let x(z) = 7*z - 1. Calculate x(c).
6
Let h(s) = s**3 - 5*s**2 + s - 3. Let y = 3 + 0. Let l(j) = 6*j - 2*j - 3*j. Let o(t) = y*l(t) + h(t). Determine o(2).
-7
Let h(f) = f**3 + 7*f**2 + 4. Let j = -20 + 13. Determine h(j).
4
Suppose -t + 20 = t. Let m(g) = -g**3 + 9*g**2 + 10*g + 6. Calculate m(t).
6
Let b be 1/(-6) + (-33)/18. Let l(y) be the first derivative of -3*y**2/2 - 2*y + 1. Calculate l(b).
4
Let g(k) = -2*k**3 + 10*k**2 - 7*k - 19. Let p(v) = -v**3 + 5*v**2 - 4*v - 10. Let t(f) = 6*g(f) - 11*p(f). Let l = -187 - -192. Determine t(l).
6
Let b(f) be the first derivative of -f**4/8 + f**3 - 2*f**2 + 9. Let m(l) be the second derivative of b(l). Calculate m(4).
-6
Let g(x) = -4*x. Let y(s) = 11*s. Suppose 2*f = 26 - 10. Let d(p) = f*g(p) + 3*y(p). What is d(-3)?
-3
Let z(p) be the second derivative of 2*p**3/3 + p**2/2 + 39*p. Calculate z(-2).
-7
Suppose p + 0*p = 3*n - 11, 0 = -5*n - 5*p + 45. Let s(v) = 25*v**3 - 24*v**3 + 0*v**2 - 5*v + 7 - 4*v**2. Determine s(n).
7
Let i(d) be the second derivative of d**5/20 - d**4/6 + d**3/6 + 36*d. Give i(1).
0
Let i = 5 + -2. Suppose 2*a + 0*a + x - 8 = 0, -3*a + 19 = 5*x. Let q(u) = i*u - a - 3*u - 2*u. Calculate q(-3).
3
Suppose -r = 3*w - 0*w + 5, 4*r = w + 19. Let h(o) = -o**3 - 3*o**2 - 3*o - 1. Give h(w).
8
Let g = 17 + -30. Let t(s) = s + 3. Let l(n) = 2*n + 7. Let i(o) = g*t(o) + 6*l(o). Let b be i(0). Let a(v) = -v**3 + 3*v**2 + v + 4. Determine a(b).
7
Let u(m) = 5*m**2 - 6*m. Let g(l) = l**3 - l - 1. Let f(d) = -g(d) - u(d). What is f(-6)?
-5
Suppose 2*g - 56 = 4*f, 16 = -2*f - 0*f - 5*g. Let l(b) = b**3 + 13*b**2 - b - 17. Calculate l(f).
-4
Let w(i) = -i**2 + 6*i. Let y be w(6). Let j be (y + -9)*22/33. Let q(f) = -f**2 - 6*f - 1. Determine q(j).
-1
Let c(n) = -n + 1. Let t(z) be the first derivative of 2*z**2 - 4*z - 1. Let y(v) = -8*c(v) - t(v). Calculate y(3).
8
Suppose -20 = x - 6*x. Let v(n) = -n + 1. Let z(i) = -1. Let t(p) = 5*p + 2. Let y(c) = t(c) + 6*z(c). Let d(k) = x*v(k) + y(k). Give d(-4).
-4
Let d(p) = -p + 2. Let v(m) = -5*m + 8. Let n(j) = -9*d(j) + 2*v(j). Let s = 10 - 15. What is n(s)?
3
Let f(i) be the second derivative of i**5/20 - i**4/2 + i**3 - i**2/2 - 22*i. Calculate f(5).
4
Suppose 18 = 3*f - 3*m, -2*f - 5*m = -0*f - 19. Let g(n) = n**2 - 6*n + 6. What is g(f)?
13
Let m = -3 + 3. Let k(t) = t + 2. Let w be k(m). Let n(s) = -w + 6 + s - 5*s - 3. Give n(2).
-7
Let d(s) = -2*s**2 - 3*s**3 + 2